.
5, 13, 13037
What are the prime factors of 363233?
13, 27941
List the prime factors of 12800352.
2, 3, 133337
List the prime factors of 490256.
2, 13, 2357
What are the prime factors of 575649?
3, 167, 383
List the prime factors of 32284.
2, 7, 1153
What are the prime factors of 15096145?
5, 3019229
List the prime factors of 9039575.
5, 23, 79, 199
What are the prime factors of 833789?
11, 229, 331
List the prime factors of 274300.
2, 5, 13, 211
What are the prime factors of 680540?
2, 5, 7, 4861
What are the prime factors of 5246090?
2, 5, 19, 27611
List the prime factors of 473104.
2, 29569
What are the prime factors of 11066360?
2, 5, 19, 14561
List the prime factors of 7286173.
7286173
List the prime factors of 3594398.
2, 59, 83, 367
What are the prime factors of 44107799?
44107799
List the prime factors of 1344325.
5, 53773
List the prime factors of 2928612.
2, 3, 109, 2239
List the prime factors of 139254.
2, 3, 23209
List the prime factors of 6907143.
3, 2302381
List the prime factors of 35855372.
2, 7, 1280549
List the prime factors of 1093262.
2, 546631
List the prime factors of 7678599.
3, 229, 11177
List the prime factors of 571509.
3, 61, 347
What are the prime factors of 418909?
418909
What are the prime factors of 386848?
2, 7, 11, 157
List the prime factors of 1738988.
2, 61, 7127
List the prime factors of 3253682.
2, 311, 5231
List the prime factors of 214107.
3, 23, 29, 107
List the prime factors of 1876810.
2, 5, 13, 14437
What are the prime factors of 1249963?
11, 13, 8741
What are the prime factors of 36572?
2, 41, 223
List the prime factors of 1776452.
2, 444113
What are the prime factors of 1428853?
1428853
What are the prime factors of 55583?
11, 31, 163
List the prime factors of 9843991.
9843991
What are the prime factors of 178532?
2, 44633
What are the prime factors of 242877?
3, 19, 4261
What are the prime factors of 145473?
3, 48491
List the prime factors of 247483.
263, 941
What are the prime factors of 567411?
3, 13, 14549
List the prime factors of 745772.
2, 37, 5039
What are the prime factors of 952341?
3, 13, 24419
List the prime factors of 4784321.
4784321
What are the prime factors of 250202?
2, 125101
What are the prime factors of 4651432?
2, 581429
What are the prime factors of 496686?
2, 3, 82781
What are the prime factors of 1745617?
197, 8861
What are the prime factors of 130457?
130457
List the prime factors of 3968775.
3, 5, 31, 569
What are the prime factors of 8237052?
2, 3, 25423
List the prime factors of 8510473.
443, 19211
List the prime factors of 945325.
5, 37813
List the prime factors of 2435067.
3, 270563
What are the prime factors of 184871?
199, 929
What are the prime factors of 1204756?
2, 7, 17, 2531
List the prime factors of 697385.
5, 13, 10729
What are the prime factors of 131417?
11, 13, 919
What are the prime factors of 386664?
2, 3, 16111
List the prime factors of 40360.
2, 5, 1009
What are the prime factors of 1029817?
47, 21911
What are the prime factors of 638122?
2, 319061
List the prime factors of 63865.
5, 53, 241
What are the prime factors of 10399873?
11, 241, 3923
What are the prime factors of 1604451?
3, 257, 2081
List the prime factors of 16572262.
2, 7, 1183733
List the prime factors of 2422594.
2, 491, 2467
What are the prime factors of 2338130?
2, 5, 61, 3833
List the prime factors of 4726154.
2, 2363077
List the prime factors of 9456644.
2, 2364161
What are the prime factors of 4595584?
2, 7, 23, 223
What are the prime factors of 1931194?
2, 251, 3847
What are the prime factors of 23015?
5, 4603
What are the prime factors of 125211?
3, 41737
List the prime factors of 1151450.
2, 5, 23029
List the prime factors of 798946.
2, 399473
List the prime factors of 534469.
13, 41113
List the prime factors of 741514.
2, 499, 743
What are the prime factors of 6679723?
6679723
What are the prime factors of 36582?
2, 3, 7, 13, 67
What are the prime factors of 8422248?
2, 3, 89, 3943
List the prime factors of 1680436.
2, 19, 22111
List the prime factors of 120226.
2, 47, 1279
What are the prime factors of 1654019?
1654019
List the prime factors of 266295.
3, 5, 41, 433
List the prime factors of 5404436.
2, 17, 19, 47, 89
What are the prime factors of 4267794?
2, 3, 711299
List the prime factors of 1468381.
307, 4783
List the prime factors of 3601183.
59, 67, 911
What are the prime factors of 529705?
5, 11, 9631
What are the prime factors of 429673?
429673
What are the prime factors of 12973682?
2, 6486841
List the prime factors of 240758.
2, 7, 29, 593
What are the prime factors of 1372572?
2, 3, 71, 179
What are the prime factors of 1844053?
73, 25261
List the prime factors of 8104974.
2, 3, 197, 6857
List the prime factors of 19881898.
2, 113, 87973
What are the prime factors of 87504?
2, 3, 1823
List the prime factors of 1294649.
1294649
List the prime factors of 1001461.
353, 2837
List the prime factors of 12491431.
29, 430739
What are the prime factors of 1170905?
5, 234181
List the prime factors of 1667309.
7, 17, 14011
What are the prime factors of 2173049?
19, 114371
List the prime factors of 4297511.
61, 70451
List the prime factors of 316090.
2, 5, 73, 433
List the prime factors of 2510476.
2, 627619
What are the prime factors of 1710809?
23, 74383
What are the prime factors of 31780309?
11, 2889119
What are the prime factors of 63599?
63599
What are the prime factors of 4015013?
4015013
List the prime factors of 605618.
2, 13, 23293
List the prime factors of 109568.
2, 107
What are the prime factors of 8068491?
3, 99611
What are the prime factors of 1861715?
5, 19, 19597
List the prime factors of 6401488.
2, 400093
List the prime factors of 2830014.
2, 3, 11, 14293
What are the prime factors of 570465?
3, 5, 7, 1811
List the prime factors of 274944.
2, 3, 179
List the prime factors of 567484.
2, 141871
List the prime factors of 31630818.
2, 3, 61, 86423
List the prime factors of 710153.
151, 4703
What are the prime factors of 1813226?
2, 906613
What are the prime factors of 5336669?
13, 410513
What are the prime factors of 13216620?
2, 3, 5, 181, 1217
List the prime factors of 834532.
2, 23, 47, 193
What are the prime factors of 258910?
2, 5, 17, 1523
What are the prime factors of 797911?
797911
List the prime factors of 334814.
2, 167407
List the prime factors of 12328591.
11, 1120781
List the prime factors of 185599.
185599
List the prime factors of 920970.
2, 3, 5, 379
What are the prime factors of 729115?
5, 145823
What are the prime factors of 4760847?
3, 7, 13, 5813
What are the prime factors of 379766?
2, 317, 599
List the prime factors of 7376854.
2, 89, 41443
What are the prime factors of 4162530?
2, 3, 5, 89, 1559
What are the prime factors of 462219?
3, 154073
What are the prime factors of 1436322?
2, 3, 239387
What are the prime factors of 150132?
2, 3, 12511
List the prime factors of 6801326.
2, 7, 17, 41
List the prime factors of 3666042.
2, 3, 203669
List the prime factors of 23664306.
2, 3, 17, 232003
What are the prime factors of 346323?
3, 67, 1723
List the prime factors of 979681.
197, 4973
List the prime factors of 14164338.
2, 3, 2360723
What are the prime factors of 2100568?
2, 139, 1889
List the prime factors of 407751.
3, 199, 683
List the prime factors of 594804.
2, 3, 7, 73, 97
List the prime factors of 237508.
2, 59377
List the prime factors of 202438.
2, 127, 797
What are the prime factors of 103228?
2, 131, 197
What are the prime factors of 8971003?
79, 113557
What are the prime factors of 122655?
3, 5, 13, 17, 37
What are the prime factors of 7899194?
2, 29, 136193
List the prime factors of 313163.
313163
List the prime factors of 83101.
83101
What are the prime factors of 223702?
2, 37, 3023
List the prime factors of 14314463.
14314463
List the prime factors of 16522434.
2, 3, 305971
List the prime factors of 20006751.
3, 37, 180241
What are the prime factors of 16276614?
2, 3, 2712769
List the prime factors of 4980432.
2, 3, 19, 43, 127
List the prime factors of 1757586.
2, 3, 53, 5527
What are the prime factors of 6714009?
3, 82889
List the prime factors of 344970.
2, 3, 5, 3833
List the prime factors of 7442112.
2, 3, 83, 467
What are the prime factors of 847369?
89, 9521
List the prime factors of 198315.
3, 5, 13, 113
List the pr